 d = -4*z + 2*z, -4*z = 3*b - 47. Calculate the greatest common divisor of b and 3.
3
Let b = -19 + 22. Let c(y) = -2 + 2*y**3 + 1 - y**2 + 5*y + 0*y - 3*y**b. Let i be c(-4). What is the greatest common divisor of 3 and i?
3
Let i = 461 + -408. Calculate the highest common divisor of 477 and i.
53
Let f be (18/12)/((-4)/(-904)). What is the highest common divisor of 113 and f?
113
Suppose 28 = -0*d + 2*d. Let g(j) = j - 14. Let y be (-6)/(-21) + (-110)/(-7). Let q be g(y). What is the greatest common factor of d and q?
2
Suppose 5*b - 151 = 114. What is the greatest common divisor of 106 and b?
53
Let m = 64 - 38. Suppose -177 + 555 = 3*c. Suppose a - 262 = -4*q, -3*q + 5*q - c = 2*a. What is the highest common factor of q and m?
13
Let c(y) = y - 2. Let d be c(0). Let x be (1/(-6))/(d/12). Calculate the greatest common factor of 2 and x.
1
Suppose -5*m + 19 + 301 = 0. Let d = -50 + 66. What is the greatest common divisor of m and d?
16
Let a(q) = 13*q + 64. Let c be a(-6). Let o be (80/c)/((-8)/28). Calculate the highest common factor of o and 30.
10
Let d(p) = 10*p**2 - 4*p + 4. Let r be d(3). What is the highest common factor of 41 and r?
41
Let l = 255 + -240. What is the greatest common divisor of l and 25?
5
Let n be 1*(5 - 3)*(-2068)/(-8). What is the highest common divisor of 33 and n?
11
Let s be (-182)/(-9) + (-6)/27. Let z(p) = -30*p**2 + 2*p - 3. Let u be z(-3). Let r = 459 + u. Calculate the highest common divisor of r and s.
20
Suppose 13*y + 456 = 16*y. Let w be 6/33 + y/11. Calculate the highest common factor of 28 and w.
14
Let o = 80 + -140. Let i be (-93)/2*o/9. Suppose -i = -7*z - 65. Calculate the greatest common factor of 7 and z.
7
Let k = -47 - -502. Calculate the greatest common factor of k and 70.
35
Let x be -21 - 1/(-2)*2. Let r = x + 16. Let k be (-250)/(-9) + r/(-18). What is the greatest common factor of k and 4?
4
Suppose 22*p = 25*p - 141. What is the greatest common factor of 799 and p?
47
Let a = 10 - 18. Let o = 5 + a. Let p be (-58)/(-3) + (-2)/o. What is the greatest common divisor of p and 5?
5
Suppose 0 = -4*p + 28*p - 5184. Calculate the highest common divisor of 144 and p.
72
Let n be (1 - 1110/10)*-16. Calculate the greatest common factor of 55 and n.
55
Let j(u) = -3*u - 13. Let v be j(-10). Let r = v - 14. Let g be (-9)/r*(-4)/6. Calculate the greatest common divisor of g and 4.
2
Suppose -2*m - 3 = 3, 5*w + 4*m = -2. Let f be 2/w*-7*(-2 - 14). What is the highest common divisor of 16 and f?
16
Let b be (-250)/(-65) + (-10)/(-195)*3. What is the greatest common divisor of 92 and b?
4
Suppose h - 4*h + 39 = 0. Let c = -20 + 20. Suppose 2*d - 76 - 106 = c. Calculate the greatest common divisor of d and h.
13
Suppose 0*p + 2*p = -50. Let j be -2*(p/(-20))/(1/(-4)). Suppose -5*i + 135 = -65. What is the highest common factor of j and i?
10
Suppose x = 77 + 33. Let v(n) = n**2 + n + 17. Let j be v(8). Suppose 5*p - 21 = j. Calculate the greatest common divisor of x and p.
22
Let b = 241 + -138. Let h = b - 92. What is the greatest common divisor of 209 and h?
11
Let l(r) = -r**2 - 14*r - 12. Let f be l(-8). What is the greatest common divisor of 414 and f?
18
Let h = 75 - 74. Let i be (1 + -10*5)*(-1)/h. Let j = -6 + 13. What is the greatest common divisor of j and i?
7
Let k(y) = -20*y**3 + 10*y**2 + 16*y + 32. Let n be k(-4). Calculate the highest common factor of 88 and n.
88
Let l = -14 + 24. Suppose -4*y - 4*f = -72, -2*y + 2*f + 10 = -l. Suppose y = 5*g - 286. What is the highest common factor of g and 24?
12
Suppose 0*t + 108 = 12*t. Calculate the greatest common factor of t and 1.
1
Let d be -2 + (-2 - (-14)/1). Let x = 19 - d. Let u = x - 8. Calculate the greatest common divisor of u and 1.
1
Let h(i) be the first derivative of 14/3*i**3 + 4*i + 9 - 1/4*i**4 + 8*i**2. Let n be h(15). What is the highest common divisor of n and 209?
19
Suppose -5*i = -v - 17, i + 35 = v + 4*v. Let z = 9 - v. Let j(w) = 19*w**2 + 2*w - 1. Let t be j(z). What is the highest common divisor of 10 and t?
10
Suppose -11*x + 176 = -7*x. Calculate the greatest common factor of x and 12.
4
Let o be (-203)/(-35) + (-1)/(-5). Let m be 1*(-3)/o*22. Let w = -4 - m. Calculate the highest common divisor of w and 21.
7
Let q(k) = 2*k + 2. Let p be q(11). Let n = 31 - p. What is the greatest common factor of n and 35?
7
Let o = 78 + -54. Let y(p) = -81*p**3 + 2*p**2 + 2*p + 1. Let r be y(-1). Suppose -r = -4*d - 18. Calculate the greatest common factor of o and d.
8
Suppose 0 = 7*i - 2*i - 320. Let w(u) = -u**2 - 11*u + 8. Let g be (-1)/2 - ((-51)/(-6) + 2). Let t be w(g). What is the greatest common divisor of t and i?
8
Suppose 0 = -12*p + 55 + 89. Let a(c) = -c**2 - 7*c. Let m be a(-3). What is the greatest common divisor of m and p?
12
Let o(g) be the first derivative of 9*g**4/4 - g**3/3 - 5*g**2/2 + 2*g + 14. Let i be o(2). Calculate the highest common divisor of 24 and i.
12
Suppose 3*k - 6 = -3. Suppose -3*g = -5*j + 9, -4*g - 7 = -10*j + 5*j. What is the highest common divisor of k and j?
1
Let k(w) = -36*w + 431. Let b be k(11). Calculate the highest common divisor of b and 35.
35
Suppose -2*x = x + 4*r - 4, 0 = -4*x + r + 18. Calculate the highest common divisor of x and 36.
4
Let o = -112 + 24. Let u be -2 - -1 - (o + 2). Suppose -u = p - 2*p. What is the greatest common divisor of 17 and p?
17
Suppose -26*m + 78 = 5*c - 23*m, -4*m - 106 = -5*c. What is the greatest common divisor of 117 and c?
9
Let u(b) = -b**3 + b + 14. Let d be u(0). Let n be (-396)/d + 2/7. Let s be 2 + -1 + (-7 - n). Calculate the highest common factor of 11 and s.
11
Suppose -56*b - 8304 = -104*b. Calculate the greatest common factor of b and 1.
1
Let m be (-70)/(-12) - 3*8/(-144). What is the greatest common divisor of m and 144?
6
Suppose 9 = -3*k - 6. Let w be (k - -4) + 5 + 2. Suppose -3*f - w = -18. What is the highest common divisor of 32 and f?
4
Suppose -2*f + 50 = 4*i, i + 4*i + 4*f = 67. Suppose -5*a = -i - 9. Suppose -a*j = -5*j + 198. Calculate the greatest common factor of 18 and j.
18
Let h(s) = 3*s**2 - 2*s - 1. Let r be h(-1). Suppose 4*l + r*l = 640. What is the highest common factor of l and 32?
16
Let j be 11/44 + (-18)/8. Let w = 2 - j. Suppose 2*m = t + 4, t + w = -2*m + 4*t. What is the greatest common factor of m and 28?
4
Suppose 0 = 4*p - 2*h + 7 - 3, 0 = 4*p + 5*h - 10. Suppose 2*c + 3*m - 27 = p, 3*c + 49 = 7*c + 5*m. What is the highest common factor of 66 and c?
6
Let k = -331 - -496. What is the greatest common factor of 30 and k?
15
Let b = -230 - -97. Let z = -93 - b. Suppose -10 = -t - 5*n + 2*n, 4*t - z = -3*n. What is the highest common divisor of t and 30?
10
Suppose 28*c - 4795 = -7*c. Calculate the highest common factor of 274 and c.
137
Let i(a) = 2*a**2 + 1. Suppose 0 = -8*t + 3*t + 45. Suppose -2*k - t = k. Let f be i(k). Calculate the highest common factor of 19 and f.
19
Let v(o) = -o + 90. Let h be v(-26). Calculate the highest common factor of 29 and h.
29
Suppose -2*w + 404 = -3*r + 2*w, 2*r = -5*w - 277. Let f = r + 193. What is the highest common factor of 38 and f?
19
Suppose 22*y - 229 = 35. Calculate the greatest common factor of 804 and y.
12
Suppose 4*y - 6*y - 480 = 0. Let o = -123 - y. Calculate the highest common divisor of o and 13.
13
Suppose -4928 = -118*z + 107*z. Calculate the highest common factor of z and 196.
28
Suppose 0 = -3*j + 4*j + 10. Let u(c) = -c**2 - 11*c - 8. Let a be u(j). Suppose g + a = -z, 0*g + 2*g = -8. Calculate the highest common divisor of z and 18.
2
Suppose -116*h + 49 = -109*h. What is the greatest common divisor of 112 and h?
7
Let m(f) = 10*f**2 + 37*f - 38. Let w be m(1). What is the greatest common divisor of w and 1773?
9
Let k = -16 + 21. Suppose 0 = -2*u + k*u. Let n be -2*(u - -1) + 14. Calculate the highest common factor of n and 108.
12
Suppose -c + 4*c - 756 = 0. Calculate the greatest common divisor of c and 180.
36
Let l(k) = k + 85. Let o be l(-25). Suppose 3*t = -2*p - 3*p + 36, -t = 2*p - 12. Suppose t + 3 = j. What is the highest common divisor of o and j?
15
Suppose p - 11 = -5*b, p - 2*b = -4*b - 1. Let x be 75/p*81/(-45). Calculate the greatest common divisor of 165 and x.
15
Let n(a) = -72*a - 101. Let f be n(-5). What is the highest